{"id":45,"date":"2021-03-08T11:10:25","date_gmt":"2021-03-08T11:10:25","guid":{"rendered":"https:\/\/alvarovelho.net\/beaeav\/?page_id=45"},"modified":"2024-01-18T22:35:57","modified_gmt":"2024-01-18T22:35:57","slug":"missao","status":"publish","type":"page","link":"https:\/\/alvarovelho.net\/beaeav\/missao\/","title":{"rendered":"Miss\u00e3o"},"content":{"rendered":"\r\n<h3 class=\"has-drop-cap has-extra-large-font-size\"><strong>A miss\u00e3o da biblioteca escolar<\/strong><\/h3>\r\n\r\n\r\n\r\n<div class=\"wp-block-media-text alignwide is-stacked-on-mobile\" style=\"grid-template-columns: 34% auto;\">\r\n<figure class=\"wp-block-media-text__media\"><img loading=\"lazy\" decoding=\"async\" width=\"567\" height=\"464\" class=\"wp-image-92 size-full\" src=\"https:\/\/alvarovelho.net\/beaeav\/wp-content\/uploads\/2021\/03\/Imagem2.jpg\" alt=\"\" srcset=\"https:\/\/alvarovelho.net\/beaeav\/wp-content\/uploads\/2021\/03\/Imagem2.jpg 567w, https:\/\/alvarovelho.net\/beaeav\/wp-content\/uploads\/2021\/03\/Imagem2-300x246.jpg 300w\" sizes=\"auto, (max-width: 567px) 100vw, 567px\" \/><\/figure>\r\n<div class=\"wp-block-media-text__content\">\r\n<p>1 &#8211; Proporcionar informa\u00e7\u00e3o e ideias fundamentais para sermos bem sucedidos na sociedade actual, baseada na informa\u00e7\u00e3o e no conhecimento.<\/p>\r\n\r\n\r\n\r\n<p class=\"has-text-align-left\">2 &#8211; Desenvolver nos alunos compet\u00eancias para a aprendizagem ao longo da vida e estimular a imagina\u00e7\u00e3o, permitindo-lhes tornarem-se cidad\u00e3os respons\u00e1veis.<\/p>\r\n\r\n\r\n\r\n<p class=\"has-text-align-left\">3 &#8211; Disponibilizar servi\u00e7os de aprendizagem, livros e recursos que permitem a todos os membros da comunidade escolar tornarem-se pensadores cr\u00edticos e utilizadores efectivos da informa\u00e7\u00e3o em todos os suportes e meios de comunica\u00e7\u00e3o.<\/p>\r\n\r\n\r\n\r\n<p class=\"has-text-align-left\">4 &#8211; Articular-se com as redes de informa\u00e7\u00e3o e de bibliotecas de acordo com os princ\u00edpios do Manifesto da Biblioteca P\u00fablica da UNESCO. \u201c<\/p>\r\n\r\n\r\n\r\n<p class=\"has-text-align-left has-normal-font-size\"><em>In \u00a9 2000 Federa\u00e7\u00e3o Internacional das Associa\u00e7\u00f5es de Bibliotec\u00e1rios e de Bibliotecas<\/em><\/p>\r\n<\/div>\r\n<\/div>\r\n\r\n\r\n\r\n<h3 class=\"has-text-align-center has-gray-color has-text-color has-extra-large-font-size\"><strong>Objetivos de desenvolvimento sustent\u00e1vel<\/strong><\/h3>\r\n\r\n\r\n\r\n<div class=\"wp-block-media-text alignwide is-stacked-on-mobile is-vertically-aligned-bottom\">\r\n<figure class=\"wp-block-media-text__media\"><img loading=\"lazy\" decoding=\"async\" width=\"425\" height=\"221\" class=\"wp-image-98 size-full\" src=\"https:\/\/alvarovelho.net\/beaeav\/wp-content\/uploads\/2021\/03\/Objetivos-Desenvolvimento-Sustentavel.png\" alt=\"\" srcset=\"https:\/\/alvarovelho.net\/beaeav\/wp-content\/uploads\/2021\/03\/Objetivos-Desenvolvimento-Sustentavel.png 425w, https:\/\/alvarovelho.net\/beaeav\/wp-content\/uploads\/2021\/03\/Objetivos-Desenvolvimento-Sustentavel-300x156.png 300w\" sizes=\"auto, (max-width: 425px) 100vw, 425px\" \/><\/figure>\r\n<div class=\"wp-block-media-text__content\">\r\n<p class=\"has-text-align-left\"><img decoding=\"async\" src=\"https:\/\/lh6.googleusercontent.com\/VDtyYyXROeryHxxNVILcgov9SK7Dp4C2RxVvihb1JacpURJQN1fT-G5711SeC0V3h6HNWXtWUdlO2rq37CL83j129HlOlQhmjKArjlOePrNA4lYjQp3OfmiKnGXE7vYx_Evw25Ii__E\" width=\"137px;\" height=\"40px;\" \/><\/p>\r\n\r\n\r\n\r\n<p class=\"has-text-align-left\"><strong>Objetivo 4<\/strong>: Educa\u00e7\u00e3o de qualidade<\/p>\r\n\r\n\r\n\r\n<p class=\"has-text-align-left\">At\u00e9 2030, garantir que todos os alunos adquiram conhecimentos e habilidades necess\u00e1rias para promover o desenvolvimento sustent\u00e1vel, inclusive, entre outros, por meio da educa\u00e7\u00e3o para o desenvolvimento sustent\u00e1vel e estilos de vida sustent\u00e1veis, direitos humanos, igualdade de g\u00e9nero, promo\u00e7\u00e3o de uma cultura de paz e da n\u00e3o viol\u00eancia, cidadania global e valoriza\u00e7\u00e3o da diversidade cultural e da contribui\u00e7\u00e3o da cultura para o desenvolvimento sustent\u00e1vel.<\/p>\r\n<\/div>\r\n<\/div>\r\n\r\n\r\n\r\n<p class=\"has-text-align-left\"><a href=\"https:\/\/www.dge.mec.pt\/objetivos-de-desenvolvimento-sustentavel-ods\" data-type=\"URL\" data-id=\"https:\/\/www.dge.mec.pt\/objetivos-de-desenvolvimento-sustentavel-ods\">https:\/\/www.dge.mec.pt\/objetivos-de-desenvolvimento-sustentavel-ods<\/a><\/p>\r\n\r\n\r\n\r\n<p class=\"has-text-align-left\">\u00a0<\/p>\r\n\r\n\r\n\r\n<p class=\"has-text-align-left\">\u00a0<\/p>\r\n\r\n\r\n\r\n<p>&nbsp;<\/p>\r\n","protected":false},"excerpt":{"rendered":"<p>A miss\u00e3o da biblioteca escolar 1 &#8211; Proporcionar informa\u00e7\u00e3o e ideias fundamentais para sermos bem sucedidos na sociedade actual, baseada na informa\u00e7\u00e3o e no conhecimento. 2 &#8211; Desenvolver nos alunos compet\u00eancias para a aprendizagem ao longo da vida e estimular a imagina\u00e7\u00e3o, permitindo-lhes tornarem-se cidad\u00e3os respons\u00e1veis. 3 &#8211; Disponibilizar servi\u00e7os<\/p>\n","protected":false},"author":1,"featured_media":0,"parent":0,"menu_order":0,"comment_status":"closed","ping_status":"closed","template":"","meta":{"footnotes":""},"class_list":["post-45","page","type-page","status-publish","hentry",""],"_links":{"self":[{"href":"https:\/\/alvarovelho.net\/beaeav\/wp-json\/wp\/v2\/pages\/45","targetHints":{"allow":["GET"]}}],"collection":[{"href":"https:\/\/alvarovelho.net\/beaeav\/wp-json\/wp\/v2\/pages"}],"about":[{"href":"https:\/\/alvarovelho.net\/beaeav\/wp-json\/wp\/v2\/types\/page"}],"author":[{"embeddable":true,"href":"https:\/\/alvarovelho.net\/beaeav\/wp-json\/wp\/v2\/users\/1"}],"replies":[{"embeddable":true,"href":"https:\/\/alvarovelho.net\/beaeav\/wp-json\/wp\/v2\/comments?post=45"}],"version-history":[{"count":9,"href":"https:\/\/alvarovelho.net\/beaeav\/wp-json\/wp\/v2\/pages\/45\/revisions"}],"predecessor-version":[{"id":1097,"href":"https:\/\/alvarovelho.net\/beaeav\/wp-json\/wp\/v2\/pages\/45\/revisions\/1097"}],"wp:attachment":[{"href":"https:\/\/alvarovelho.net\/beaeav\/wp-json\/wp\/v2\/media?parent=45"}],"curies":[{"name":"wp","href":"https:\/\/api.w.org\/{rel}","templated":true}]}}